actors of 33197084.
2, 101, 82171
What are the prime factors of 9293890?
2, 5, 929389
List the prime factors of 803120.
2, 5, 10039
List the prime factors of 462824.
2, 57853
What are the prime factors of 14950322?
2, 23, 41, 7927
List the prime factors of 3865310.
2, 5, 83, 4657
What are the prime factors of 1352176?
2, 7, 12073
What are the prime factors of 27103081?
29, 89, 10501
What are the prime factors of 9457718?
2, 37, 127807
What are the prime factors of 2384527?
163, 14629
What are the prime factors of 1184799?
3, 7, 11, 23, 223
List the prime factors of 3271572.
2, 3, 19, 4783
List the prime factors of 59731.
7, 23, 53
List the prime factors of 17215569.
3, 7, 23, 109
What are the prime factors of 2667?
3, 7, 127
List the prime factors of 8520386.
2, 7, 53, 11483
What are the prime factors of 554980?
2, 5, 27749
List the prime factors of 11248138.
2, 11, 511279
List the prime factors of 19116849.
3, 149, 42767
What are the prime factors of 511793?
511793
List the prime factors of 12901521.
3, 17, 252971
List the prime factors of 2647703.
113, 23431
What are the prime factors of 21382009?
11, 1943819
List the prime factors of 292971.
3, 7, 1993
List the prime factors of 5841400.
2, 5, 29207
List the prime factors of 19881928.
2, 11, 225931
List the prime factors of 876801.
3, 292267
What are the prime factors of 731396?
2, 83, 2203
What are the prime factors of 9141924?
2, 3, 11, 69257
What are the prime factors of 2141273?
29, 47, 1571
What are the prime factors of 23033839?
23033839
List the prime factors of 46018.
2, 7, 19, 173
List the prime factors of 72962.
2, 191
What are the prime factors of 2164168?
2, 17, 15913
What are the prime factors of 436262?
2, 218131
List the prime factors of 6230905.
5, 1246181
List the prime factors of 195865.
5, 43, 911
What are the prime factors of 6818010?
2, 3, 5, 227267
What are the prime factors of 10038401?
47, 137, 1559
What are the prime factors of 33713862?
2, 3, 7, 13, 8821
List the prime factors of 289886.
2, 193, 751
What are the prime factors of 9337433?
7, 1333919
List the prime factors of 189041.
189041
List the prime factors of 799159.
19, 42061
List the prime factors of 24339640.
2, 5, 13, 46807
List the prime factors of 5542068.
2, 3, 7, 17, 3881
List the prime factors of 5940315.
3, 5, 101, 1307
What are the prime factors of 45585?
3, 5, 1013
What are the prime factors of 5201141?
11, 472831
List the prime factors of 17654083.
17654083
List the prime factors of 805440.
2, 3, 5, 839
What are the prime factors of 1388471?
7, 139, 1427
List the prime factors of 401888.
2, 19, 661
List the prime factors of 5010012.
2, 3, 7, 47
What are the prime factors of 1591952?
2, 99497
List the prime factors of 194020.
2, 5, 89, 109
List the prime factors of 580165.
5, 19, 31, 197
What are the prime factors of 26809933?
26809933
List the prime factors of 1424802.
2, 3, 237467
List the prime factors of 1214060.
2, 5, 60703
What are the prime factors of 467043?
3, 151, 1031
List the prime factors of 22784111.
7, 29, 112237
List the prime factors of 15773118.
2, 3, 53, 193, 257
List the prime factors of 1420350.
2, 3, 5, 17, 557
What are the prime factors of 23947533?
3, 29, 91753
List the prime factors of 28234.
2, 19, 743
List the prime factors of 4772687.
41, 59, 1973
What are the prime factors of 1985042?
2, 992521
List the prime factors of 28749.
3, 7, 37
What are the prime factors of 419621?
67, 6263
What are the prime factors of 1368355?
5, 103, 2657
What are the prime factors of 169140?
2, 3, 5, 2819
List the prime factors of 1234589.
277, 4457
List the prime factors of 265820.
2, 5, 13291
What are the prime factors of 1078014?
2, 3, 7, 25667
What are the prime factors of 217228?
2, 11, 4937
List the prime factors of 239899.
11, 113, 193
What are the prime factors of 4486203?
3, 498467
What are the prime factors of 237551?
139, 1709
What are the prime factors of 2004484?
2, 501121
List the prime factors of 4860917.
67, 72551
List the prime factors of 1060506.
2, 3, 41, 479
What are the prime factors of 559252?
2, 139813
What are the prime factors of 7725988?
2, 1931497
What are the prime factors of 396208?
2, 24763
List the prime factors of 129443.
129443
What are the prime factors of 145119?
3, 13, 61
List the prime factors of 515691.
3, 11, 5209
List the prime factors of 565359.
3, 199, 947
List the prime factors of 262823.
11, 23893
List the prime factors of 4771919.
83, 57493
What are the prime factors of 198568?
2, 24821
What are the prime factors of 292705?
5, 7, 8363
What are the prime factors of 67183?
23, 127
What are the prime factors of 97182?
2, 3, 5399
What are the prime factors of 32162?
2, 13, 1237
List the prime factors of 400798.
2, 23, 8713
What are the prime factors of 663408?
2, 3, 17, 271
What are the prime factors of 62968?
2, 17, 463
List the prime factors of 11254.
2, 17, 331
List the prime factors of 117641.
47, 2503
List the prime factors of 3656531.
19, 223, 863
List the prime factors of 2985680.
2, 5, 37321
What are the prime factors of 5048815?
5, 31, 32573
List the prime factors of 13021460.
2, 5, 19, 34267
List the prime factors of 2158219.
7, 308317
List the prime factors of 13297533.
3, 809, 5479
List the prime factors of 6603178.
2, 97, 101, 337
List the prime factors of 435164.
2, 108791
What are the prime factors of 1207550?
2, 5, 24151
List the prime factors of 14711870.
2, 5, 227, 6481
List the prime factors of 1889331.
3, 37, 17021
List the prime factors of 893095.
5, 7, 17, 19, 79
What are the prime factors of 14239247?
11, 1294477
What are the prime factors of 332844?
2, 3, 27737
What are the prime factors of 720159?
3, 11, 139, 157
What are the prime factors of 304808?
2, 7, 5443
List the prime factors of 146617.
146617
What are the prime factors of 20792638?
2, 10396319
What are the prime factors of 2833216?
2, 44269
What are the prime factors of 5673292?
2, 67, 21169
What are the prime factors of 823817?
59, 13963
List the prime factors of 297384.
2, 3, 12391
What are the prime factors of 4635141?
3, 7, 220721
List the prime factors of 3208707.
3, 23, 5167
What are the prime factors of 272411?
272411
What are the prime factors of 153191?
153191
What are the prime factors of 4168005?
3, 5, 113, 2459
What are the prime factors of 9720003?
3, 1741, 1861
What are the prime factors of 6798770?
2, 5, 11, 19, 3253
What are the prime factors of 1132493?
787, 1439
List the prime factors of 25599087.
3, 31, 91753
What are the prime factors of 208750?
2, 5, 167
List the prime factors of 197396.
2, 61, 809
List the prime factors of 1672023.
3, 151, 3691
List the prime factors of 11657507.
19, 29, 21157
What are the prime factors of 692660?
2, 5, 59, 587
What are the prime factors of 96573?
3, 32191
What are the prime factors of 1935051?
3, 31, 20807
List the prime factors of 4386417.
3, 7, 208877
List the prime factors of 75988.
2, 11, 157
List the prime factors of 1571314.
2, 23, 34159
What are the prime factors of 593648?
2, 11, 3373
What are the prime factors of 8443525?
5, 337741
What are the prime factors of 423540?
2, 3, 5, 13, 181
What are the prime factors of 80358?
2, 3, 59, 227
List the prime factors of 13078626.
2, 3, 11, 71, 2791
What are the prime factors of 2745869?
7, 392267
List the prime factors of 8994870.
2, 3, 5, 17, 5879
What are the prime factors of 2355298?
2, 11, 151, 709
What are the prime factors of 11518837?
11, 23, 4139
What are the prime factors of 987832?
2, 123479
List the prime factors of 361370.
2, 5, 36137
List the prime factors of 115021.
115021
List the prime factors of 4436364.
2, 3, 41, 71, 127
List the prime factors of 924879.
3, 308293
List the prime factors of 921354.
2, 3, 7, 21937
What are the prime factors of 2061332?
2, 7, 13, 809
What are the prime factors of 1500502?
2, 439, 1709
What are the prime factors of 81267?
3, 103, 263
What are the prime factors of 1556006?
2, 101, 7703
List the prime factors of 1718228.
2, 41, 10477
List the prime factors of 250921.
11, 22811
What are the prime factors of 2016468?
2, 3, 18671
What are the prime factors of 800132?
2, 200033
What are the prime factors of 244915?
5, 11, 61, 73
List the prime factors of 203143.
31, 6553
What are the prime factors of 3100936?
2, 17, 